[INFO] cloning repository https://github.com/VASABIcz/color_picker
[INFO] running `Command { std: "git" "-c" "credential.helper=" "-c" "credential.helper=/workspace/cargo-home/bin/git-credential-null" "clone" "--bare" "https://github.com/VASABIcz/color_picker" "/workspace/cache/git-repos/https%3A%2F%2Fgithub.com%2FVASABIcz%2Fcolor_picker", kill_on_drop: false }`
[INFO] [stderr] Cloning into bare repository '/workspace/cache/git-repos/https%3A%2F%2Fgithub.com%2FVASABIcz%2Fcolor_picker'...
[INFO] running `Command { std: "git" "rev-parse" "HEAD", kill_on_drop: false }`
[INFO] [stdout] 248176833fa2c41afdf33e68764c506176425869
[INFO] checking VASABIcz/color_picker against master#e6e4f7ed1589e03bc2f6c5931c1a72e7947e8682 for beta-170-4
[INFO] running `Command { std: "git" "clone" "/workspace/cache/git-repos/https%3A%2F%2Fgithub.com%2FVASABIcz%2Fcolor_picker" "/workspace/builds/worker-7-tc2/source", kill_on_drop: false }`
[INFO] [stderr] Cloning into '/workspace/builds/worker-7-tc2/source'...
[INFO] [stderr] done.
[INFO] validating manifest of git repo https://github.com/VASABIcz/color_picker on toolchain e6e4f7ed1589e03bc2f6c5931c1a72e7947e8682
[INFO] running `Command { std: CARGO_HOME="/workspace/cargo-home" RUSTUP_HOME="/workspace/rustup-home" "/workspace/cargo-home/bin/cargo" "+e6e4f7ed1589e03bc2f6c5931c1a72e7947e8682" "metadata" "--manifest-path" "Cargo.toml" "--no-deps", kill_on_drop: false }`
[INFO] started tweaking git repo https://github.com/VASABIcz/color_picker
[INFO] finished tweaking git repo https://github.com/VASABIcz/color_picker
[INFO] tweaked toml for git repo https://github.com/VASABIcz/color_picker written to /workspace/builds/worker-7-tc2/source/Cargo.toml
[INFO] crate git repo https://github.com/VASABIcz/color_picker already has a lockfile, it will not be regenerated
[INFO] running `Command { std: CARGO_HOME="/workspace/cargo-home" RUSTUP_HOME="/workspace/rustup-home" "/workspace/cargo-home/bin/cargo" "+e6e4f7ed1589e03bc2f6c5931c1a72e7947e8682" "fetch" "--manifest-path" "Cargo.toml", kill_on_drop: false }`
[INFO] running `Command { std: "docker" "create" "-v" "/var/lib/crater-agent-workspace/builds/worker-7-tc2/target:/opt/rustwide/target:rw,Z" "-v" "/var/lib/crater-agent-workspace/builds/worker-7-tc2/source:/opt/rustwide/workdir:ro,Z" "-v" "/var/lib/crater-agent-workspace/cargo-home:/opt/rustwide/cargo-home:ro,Z" "-v" "/var/lib/crater-agent-workspace/rustup-home:/opt/rustwide/rustup-home:ro,Z" "-e" "SOURCE_DIR=/opt/rustwide/workdir" "-e" "CARGO_TARGET_DIR=/opt/rustwide/target" "-e" "CARGO_HOME=/opt/rustwide/cargo-home" "-e" "RUSTUP_HOME=/opt/rustwide/rustup-home" "-w" "/opt/rustwide/workdir" "-m" "1610612736" "--user" "0:0" "--network" "none" "ghcr.io/rust-lang/crates-build-env/linux@sha256:19e73879b68f455e41552ea35293514db52ea292d993f571636dbffedb77a1ee" "/opt/rustwide/cargo-home/bin/cargo" "+e6e4f7ed1589e03bc2f6c5931c1a72e7947e8682" "metadata" "--no-deps" "--format-version=1", kill_on_drop: false }`
[INFO] [stdout] 5a534e8a0b2ad1d71c259c1e54a72d6bc64eb340c7bebfc9d82d783672dc819a
[INFO] running `Command { std: "docker" "start" "-a" "5a534e8a0b2ad1d71c259c1e54a72d6bc64eb340c7bebfc9d82d783672dc819a", kill_on_drop: false }`
[INFO] running `Command { std: "docker" "inspect" "5a534e8a0b2ad1d71c259c1e54a72d6bc64eb340c7bebfc9d82d783672dc819a", kill_on_drop: false }`
[INFO] running `Command { std: "docker" "rm" "-f" "5a534e8a0b2ad1d71c259c1e54a72d6bc64eb340c7bebfc9d82d783672dc819a", kill_on_drop: false }`
[INFO] [stdout] 5a534e8a0b2ad1d71c259c1e54a72d6bc64eb340c7bebfc9d82d783672dc819a
[INFO] running `Command { std: "docker" "create" "-v" "/var/lib/crater-agent-workspace/builds/worker-7-tc2/target:/opt/rustwide/target:rw,Z" "-v" "/var/lib/crater-agent-workspace/builds/worker-7-tc2/source:/opt/rustwide/workdir:ro,Z" "-v" "/var/lib/crater-agent-workspace/cargo-home:/opt/rustwide/cargo-home:ro,Z" "-v" "/var/lib/crater-agent-workspace/rustup-home:/opt/rustwide/rustup-home:ro,Z" "-e" "SOURCE_DIR=/opt/rustwide/workdir" "-e" "CARGO_TARGET_DIR=/opt/rustwide/target" "-e" "CARGO_INCREMENTAL=0" "-e" "RUST_BACKTRACE=full" "-e" "RUSTFLAGS=--cap-lints=forbid" "-e" "RUSTDOCFLAGS=--cap-lints=forbid" "-e" "CARGO_HOME=/opt/rustwide/cargo-home" "-e" "RUSTUP_HOME=/opt/rustwide/rustup-home" "-w" "/opt/rustwide/workdir" "-m" "1610612736" "--user" "0:0" "--network" "none" "ghcr.io/rust-lang/crates-build-env/linux@sha256:19e73879b68f455e41552ea35293514db52ea292d993f571636dbffedb77a1ee" "/opt/rustwide/cargo-home/bin/cargo" "+e6e4f7ed1589e03bc2f6c5931c1a72e7947e8682" "check" "--frozen" "--all" "--all-targets" "--message-format=json", kill_on_drop: false }`
[INFO] [stdout] 871f3882ec7df3d0610f4a7a746848324a5c5204fa5ed3d9ccb4edc9841da8a3
[INFO] running `Command { std: "docker" "start" "-a" "871f3882ec7df3d0610f4a7a746848324a5c5204fa5ed3d9ccb4edc9841da8a3", kill_on_drop: false }`
[INFO] [stderr]    Compiling pkg-config v0.3.24
[INFO] [stderr]    Compiling libc v0.2.116
[INFO] [stderr]    Compiling scrap v0.5.0
[INFO] [stderr]     Checking block v0.1.6
[INFO] [stderr]     Checking winapi v0.2.8
[INFO] [stderr]    Compiling x11 v2.19.1
[INFO] [stderr]    Compiling device_query v0.1.3
[INFO] [stderr]     Checking color_picker v0.1.0 (/opt/rustwide/workdir)
[INFO] [stdout] error[E0432]: unresolved import `scrap::dxgi`
[INFO] [stdout]  --> src/main.rs:1:12
[INFO] [stdout]   |
[INFO] [stdout] 1 | use scrap::dxgi::*;
[INFO] [stdout]   |            ^^^^ could not find `dxgi` in `scrap`
[INFO] [stdout] 
[INFO] [stdout] 
[INFO] [stdout] error[E0432]: unresolved import `scrap::dxgi`
[INFO] [stdout]  --> src/main.rs:1:12
[INFO] [stdout]   |
[INFO] [stdout] 1 | use scrap::dxgi::*;
[INFO] [stdout]   |            ^^^^ could not find `dxgi` in `scrap`
[INFO] [stdout] 
[INFO] [stdout] 
[INFO] [stdout] error[E0433]: failed to resolve: could not find `dxgi` in `scrap`
[INFO] [stdout]  --> src/main.rs:6:22
[INFO] [stdout]   |
[INFO] [stdout] 6 |     let dis = scrap::dxgi::Displays::new().unwrap().next().unwrap();
[INFO] [stdout]   |                      ^^^^ could not find `dxgi` in `scrap`
[INFO] [stdout] 
[INFO] [stdout] 
[INFO] [stdout] error[E0412]: cannot find type `Capturer` in this scope
[INFO] [stdout]  --> src/main.rs:5:20
[INFO] [stdout]   |
[INFO] [stdout] 5 | fn init_capt() -> (Capturer, i32) {
[INFO] [stdout]   |                    ^^^^^^^^ not found in this scope
[INFO] [stdout]   |
[INFO] [stdout] help: consider importing one of these items
[INFO] [stdout]   |
[INFO] [stdout] 1 + use scrap::Capturer;
[INFO] [stdout]   |
[INFO] [stdout] 1 + use scrap::x11::Capturer;
[INFO] [stdout]   |
[INFO] [stdout] 
[INFO] [stdout] 
[INFO] [stdout] error[E0433]: failed to resolve: use of undeclared type `Capturer`
[INFO] [stdout]  --> src/main.rs:8:6
[INFO] [stdout]   |
[INFO] [stdout] 8 |     (Capturer::new(&dis).unwrap(), dis.width())
[INFO] [stdout]   |      ^^^^^^^^ use of undeclared type `Capturer`
[INFO] [stdout]   |
[INFO] [stdout] help: consider importing one of these items
[INFO] [stdout]   |
[INFO] [stdout] 1 + use scrap::Capturer;
[INFO] [stdout]   |
[INFO] [stdout] 1 + use scrap::x11::Capturer;
[INFO] [stdout]   |
[INFO] [stdout] 
[INFO] [stdout] 
[INFO] [stdout] error[E0412]: cannot find type `Capturer` in this scope
[INFO] [stdout]   --> src/main.rs:11:59
[INFO] [stdout]    |
[INFO] [stdout] 11 | fn get_pixel(state: &device_query::DeviceState, cap: &mut Capturer, width: i32) {
[INFO] [stdout]    |                                                           ^^^^^^^^ not found in this scope
[INFO] [stdout]    |
[INFO] [stdout] help: consider importing one of these items
[INFO] [stdout]    |
[INFO] [stdout] 1  + use scrap::Capturer;
[INFO] [stdout]    |
[INFO] [stdout] 1  + use scrap::x11::Capturer;
[INFO] [stdout]    |
[INFO] [stdout] 
[INFO] [stdout] 
[INFO] [stdout] error[E0433]: failed to resolve: could not find `dxgi` in `scrap`
[INFO] [stdout]  --> src/main.rs:6:22
[INFO] [stdout]   |
[INFO] [stdout] 6 |     let dis = scrap::dxgi::Displays::new().unwrap().next().unwrap();
[INFO] [stdout]   |                      ^^^^ could not find `dxgi` in `scrap`
[INFO] [stdout] 
[INFO] [stdout] 
[INFO] [stdout] error[E0412]: cannot find type `Capturer` in this scope
[INFO] [stdout]  --> src/main.rs:5:20
[INFO] [stdout]   |
[INFO] [stdout] 5 | fn init_capt() -> (Capturer, i32) {
[INFO] [stdout]   |                    ^^^^^^^^ not found in this scope
[INFO] [stdout]   |
[INFO] [stdout] help: consider importing one of these items
[INFO] [stdout]   |
[INFO] [stdout] 1 + use scrap::Capturer;
[INFO] [stdout]   |
[INFO] [stdout] 1 + use scrap::x11::Capturer;
[INFO] [stdout]   |
[INFO] [stdout] 
[INFO] [stdout] 
[INFO] [stdout] error[E0433]: failed to resolve: use of undeclared type `Capturer`
[INFO] [stdout]  --> src/main.rs:8:6
[INFO] [stdout]   |
[INFO] [stdout] 8 |     (Capturer::new(&dis).unwrap(), dis.width())
[INFO] [stdout]   |      ^^^^^^^^ use of undeclared type `Capturer`
[INFO] [stdout]   |
[INFO] [stdout] help: consider importing one of these items
[INFO] [stdout]   |
[INFO] [stdout] 1 + use scrap::Capturer;
[INFO] [stdout]   |
[INFO] [stdout] 1 + use scrap::x11::Capturer;
[INFO] [stdout]   |
[INFO] [stdout] 
[INFO] [stdout] 
[INFO] [stdout] error[E0412]: cannot find type `Capturer` in this scope
[INFO] [stdout]   --> src/main.rs:11:59
[INFO] [stdout]    |
[INFO] [stdout] 11 | fn get_pixel(state: &device_query::DeviceState, cap: &mut Capturer, width: i32) {
[INFO] [stdout]    |                                                           ^^^^^^^^ not found in this scope
[INFO] [stdout]    |
[INFO] [stdout] help: consider importing one of these items
[INFO] [stdout]    |
[INFO] [stdout] 1  + use scrap::Capturer;
[INFO] [stdout]    |
[INFO] [stdout] 1  + use scrap::x11::Capturer;
[INFO] [stdout]    |
[INFO] [stdout] 
[INFO] [stdout] 
[INFO] [stdout] error: aborting due to 5 previous errors
[INFO] [stdout] 
[INFO] [stdout] 
[INFO] [stdout] Some errors have detailed explanations: E0412, E0432, E0433.
[INFO] [stdout] 
[INFO] [stdout] For more information about an error, try `rustc --explain E0412`.
[INFO] [stdout] 
[INFO] [stdout] error: aborting due to 5 previous errors
[INFO] [stdout] 
[INFO] [stdout] 
[INFO] [stdout] Some errors have detailed explanations: E0412, E0432, E0433.
[INFO] [stdout] 
[INFO] [stdout] For more information about an error, try `rustc --explain E0412`.
[INFO] [stdout] 
[INFO] [stderr] error: could not compile `color_picker` (bin "color_picker") due to 6 previous errors
[INFO] [stderr] warning: build failed, waiting for other jobs to finish...
[INFO] [stderr] error: could not compile `color_picker` (bin "color_picker" test) due to 6 previous errors
[INFO] running `Command { std: "docker" "inspect" "871f3882ec7df3d0610f4a7a746848324a5c5204fa5ed3d9ccb4edc9841da8a3", kill_on_drop: false }`
[INFO] running `Command { std: "docker" "rm" "-f" "871f3882ec7df3d0610f4a7a746848324a5c5204fa5ed3d9ccb4edc9841da8a3", kill_on_drop: false }`
[INFO] [stdout] 871f3882ec7df3d0610f4a7a746848324a5c5204fa5ed3d9ccb4edc9841da8a3
